+ 31*x**2 - 16*x - 13. Calculate j(m).
-13
Let g(j) be the third derivative of 11*j**4/8 + 17*j**3/2 + 3515*j**2. Determine g(-2).
-15
Let m be ((-7)/(-21))/((-10)/(-90)). Let w(j) = 4*j + 2*j**2 + m*j - j**2 - 10 - 1. Give w(-9).
7
Let i(q) = -34*q**2 + q - 10. Let a(r) = 113*r**2 - 4*r + 32. Let x(v) = -3*a(v) - 10*i(v). Give x(-4).
12
Let b(t) be the third derivative of t**4/24 + 2*t**3/3 + 3*t**2. Suppose 30*z = 66*z + 79*z + 575. Calculate b(z).
-1
Let v(f) be the third derivative of 1/6*f**4 - f**2 + 0 - 34*f + 0*f**3 - 1/60*f**5. Determine v(2).
4
Let o(l) = 3*l**2 + 8*l + 21. Let n be -9 + (-15 - -15) + (0 - -4). Calculate o(n).
56
Let t(s) be the first derivative of -3*s**2/2 + 4*s + 77. Let f(m) = -4*m + 6. Suppose -q + 1 = -4. Let v(r) = q*f(r) - 7*t(r). What is v(-7)?
-5
Let n(f) = f**3 - 11*f**2 + f + 14. Let a be n(10). Let q = 71 + a. Let c(s) = s**2 + 3*s - 4. What is c(q)?
6
Suppose 0 = 38*r - 35*r + 1479. Let b = r - -490. Let j(t) = -t**2 + 1. What is j(b)?
-8
Let c(h) = -367*h + 3. Let u(a) = -1040*a + 9. Let l(s) = 17*c(s) - 6*u(s). What is l(-5)?
-8
Let g(w) = -8977014 + 8977014 + 33*w. Determine g(0).
0
Suppose -4*t - 3 - 27 = -5*k, -2*k = -t - 9. Let b be 4 - 2/(-6)*(-18)/k. Let i(x) = -x**3 - x**2 + x. Determine i(b).
-1
Let n(w) be the first derivative of -w**3/3 + 19*w**2/2 + 64*w - 41. Let i be n(-3). Let s(r) = -2*r + 3*r**2 - 5*r**2 - 2*r**3 + 3*r. What is s(i)?
6
Suppose -2*c - 3*n + 7 - 18 = 0, 0 = -3*c + 4*n + 26. Suppose 5*t - 39 = 6*b - 2*b, c*b = t - 15. Let s(p) = p**2 + 40616 - 40613 + 20*p - 13*p. Give s(b).
-3
Let m(l) = -2*l**3 - 1. Let w be (-1876)/(-32)*2 + 3/(-12). Suppose 112*i = w*i + 10. Calculate m(i).
15
Let g(h) be the second derivative of h**5/20 - h**4/12 - h**3/6 + h**2 - 4*h. Let n(z) = -27*z - 11. Let d be n(-2). Suppose -3*a - d + 49 = 0. Determine g(a).
4
Let o(y) = -6*y - 1. Suppose s - 42 = -2*k, 0 = s - 6*s + 5*k + 135. Let v = 54 - 49. Suppose -27*m = -s*m + v. Calculate o(m).
-7
Let k(g) = 8*g - 5. Suppose -32*j = -87 - 425. Suppose -23*s = -j*s - 42. Determine k(s).
43
Let b = -28507 + 28510. Let x(g) = 21*g - 38. Calculate x(b).
25
Let y be 0 + (0 - (-3 - 5)/4). Let l(h) = 2 + 0*h**2 + h**3 + 4*h**y + 0*h**2 + 5*h. Calculate l(-3).
-4
Let x(j) = 2*j - 2. Suppose -7*w = 8*w - 315. Suppose 18*f = w*f + 27. Let s(p) = -p - 16. Let y be s(f). What is x(y)?
-16
Let c(m) = -7*m**3 + 33*m**2 + 21*m + 6. Let h(r) = -5*r**3 + 25*r**2 + 16*r + 4. Let a(i) = 8*c(i) - 11*h(i). What is a(-10)?
-16
Let w be (-25)/(-5)*-1 + 0. Let k(y) = -3*y - 7. Let c(p) be the second derivative of -p**3/3 - 3*p**2 + 17*p. Let d(h) = 5*c(h) - 4*k(h). What is d(w)?
-12
Let g(s) = -3*s + 1. Let j(a) = 6*a**2 - 2*a - 1. Let l be j(-1). Let q be ((-3)/7)/((-57)/(-399)) - -11. Suppose z - l = q*z. What is g(z)?
4
Let f(a) = -2*a**2 + 3*a**2 - 12*a - 2 + 23. Suppose 56*c - 5*d + 49 = 62*c, 3*c = -d + 26. Give f(c).
-6
Let j(z) = 4*z - 2. Let o(n) = -2*n + 1. Suppose -2 + 0 = -b. Let q(a) = b*j(a) + 5*o(a). Let f be 26/(-39) - 8/6. Determine q(f).
5
Let n(b) = -29*b**2 - 27*b + 75. Let f(p) = 6*p**2 + 7*p - 15. Let h(l) = -14*f(l) - 3*n(l). Determine h(7).
13
Let z(h) = -6*h**2 + 57*h + 17. Let u(y) = -4*y**2 + 38*y + 11. Let g(b) = -8*u(b) + 5*z(b). Let w be g(10). Let m(r) = -r**2 + 5*r + 7. Calculate m(w).
-7
Let f(h) = h**2 + 7*h + 6. Let u be ((-102)/1)/((-3)/(-2)). Let k = -731 + 795. Let x = u + k. Determine f(x).
-6
Let b be (-698)/26 + (-93 - -97) - 4/26. Let n(r) = r - 71. Give n(b).
-94
Let i(s) be the second derivative of -s**4/6 + 17*s**3/3 - 21*s**2/2 - 1435*s. Give i(16).
11
Let g be 240/(-72)*(-21)/(-14). Let w(b) be the third derivative of b**6/120 + b**5/12 - b**4/8 - b**3/6 + b**2. Give w(g).
14
Let q(w) = w**2 + 11*w - 1. Let s(b) = 6*b**2 + 47*b - 243. Let g(u) = -5*q(u) + s(u). Give g(-12).
2
Suppose -3*a - 3*t + 21 = 3, 4*a + 2*t = 22. Suppose -v + 0*v = -a*v. Suppose v*g - 16 = 2*g. Let f(h) = -h - 9. Calculate f(g).
-1
Let z be (15/35 - 0) + 11/7. Let o(v) = -2*v + 19*v**2 - 18*v**z + 5 - 3*v - 7*v. Determine o(10).
-15
Let q(m) be the second derivative of -m**3/3 + 2*m**2 - 9*m. Suppose -4*g + 5*y = 18, -4*g - 37 = -3*y - 31. What is q(g)?
-2
Let c be (1 - -2)/((-48)/(-32)). Suppose -c*n = -8 + 2. Let j(z) = -8*z + 2*z**2 + 6*z - 6*z**3 + 9*z**3 - 4*z**3 + n. What is j(3)?
-12
Let b be ((-6)/21)/(((-12)/28)/(-3)). Let s(l) = 21*l + 0 - 41*l - 2 + 4 + 18*l - 8*l**2. Calculate s(b).
-26
Let p(k) = -k**3 - 10*k**2 + 2*k + 16. Let g be p(-10). Let b(n) be the first derivative of 1/4*n**4 + 5*n + 18 + 2/3*n**3 - n**2. Give b(g).
-19
Let j(r) = -5*r + 11. Suppose 388 + 639 = -232*m - 365. Determine j(m).
41
Let w(b) = -3*b**2 + 2. Let x = 2873 + -2965. Suppose -3*q - 40 = -322. Let l = q + x. Determine w(l).
-10
Let z(m) = 9*m - 22. Let w be ((-9)/27 - -2)*7/((-35)/(-6)). Give z(w).
-4
Let c(m) = 11*m**2 + 2*m. Let o be (-32)/20 - (-18)/30. Let k be c(o). Let s(p) = -p + 11. Let d(q) = q - 1. Let z(l) = -2*d(l) - s(l). Determine z(k).
-18
Suppose 4*i - 70 = 5*a, -28 = -i - 3*a - a. Let b be 3*i/(-15)*(-6)/(-4). Let h(n) be the second derivative of n**3/2 - n**2/2 + 9*n. What is h(b)?
-19
Suppose 0 = 2*m + 4*w - 426, 334 = 5*m + w - 740. Let j = m - 218. Let s(i) = 6*i - 4. Calculate s(j).
-22
Let w(u) = -u**3 - 8*u**2 - 4*u - 8. Suppose -273 = 16*b - 161. Give w(b).
-29
Let d(q) = -8 - 16*q + 33 + q**2 - 7. Let m be d(17). Let t = -33 + m. Let k(y) = y - 1. Calculate k(t).
1
Let z = -321 - -322. Let w be z - 2 - (2 - 1). Let y(d) = 2*d + 6. Give y(w).
2
Let d(r) be the second derivative of -r**5/20 + r**4/2 + r**3/3 - 5*r**2/2 + r. Suppose -b = -2*i + 20, 0 = 6*i - 9*i + 2*b + 34. What is d(i)?
7
Let j(y) = -15 - 96*y - 125*y**2 + 95*y + 126*y**2. Determine j(-7).
41
Let l be -3 + 58/14 + 294/343. Suppose 5*b - 27 = -12. Suppose -f - b*g + 3 = 0, 0*f - l*f + 2*g - 2 = 0. Let u(a) = -a + 9. What is u(f)?
9
Let w(q) = -6*q - 11. Let b be w(0). Let f(o) = -o**3 - 11*o**2 - 16*o - 10. Let y be f(b). Let r(l) = -168 + y - 3*l + 2*l. Give r(-3).
1
Let q(o) be the first derivative of -4*o**2 - 1/2*o**3 + 3 + 1/12*o**4 + 0*o. Let r(x) be the second derivative of q(x). What is r(7)?
11
Let w = -48 + 49. Let q = -9 + w. Let i(d) = -d**2 - 6*d - 2. Give i(q).
-18
Let y(w) = -w - 8. Suppose -a - 22*a - 115 = 0. Give y(a).
-3
Let a(z) be the second derivative of 8 - 7*z + 0*z**2 + 1/6*z**3 + 17/20*z**5 + 1/6*z**4. Give a(-1).
-16
Let r be (-3)/(-1) - (-66)/22. Suppose -6*t + 5*t = r. Let o(j) = -j**2 - 5*j + 5. Let b(u) = 3*u**2 + 15*u - 14. Let w(i) = -3*b(i) - 8*o(i). Determine w(t).
-4
Let z be ((-1560)/13)/(-8)*(-4)/(-18). Let o(i) be the first derivative of 13*i + z*i**3 - 8 + 5*i**2 + 1/4*i**4. Give o(-9).
4
Suppose 32*h - 865 + 1857 = 0. Let q(t) = t**2 + 37*t + 183. What is q(h)?
-3
Let t(q) = -q**2 - 3*q - 2. Suppose 0 = -39*o + 41*o - 66. Suppose o*h = 30*h - 18. Determine t(h).
-20
Suppose 104*t = 95*t. Let u(p) be the third derivative of -p**4/24 + 19*p**3/6 - 5*p**2. Give u(t).
19
Let u(o) = 45 + 4948*o**2 + 22*o - o**3 - 15*o - 2479*o**2 - 2478*o**2. Determine u(-9).
-18
Let t(x) be the third derivative of -x**6/120 + x**5/15 - x**4/12 + x**3/3 - 9*x**2. Let n = -180 - -317. Suppose 131 = -2*u + n. Calculate t(u).
5
Let s = 494 - 500. Let g(w) = w**2 - 10. Let c(x) = -x**2 + 8. Let p(j) = s*c(j) - 5*g(j). What is p(-2)?
6
Let l be (2 - 4) + 1 + -3. Let y(w) be the first derivative of -w**2/2 + 3*w + 83744. What is y(l)?
7
Suppose -59*f + 63*f = -12. Let d(z) = z - 3. Let v be d(7). Let a(o) = -2 - 5*o - 6*o**3 + v*o**3 + 0*o**3 + 3*o**3. Determine a(f).
-14
Suppose -76 + 23 = -34*f + 49. Let j(y) = -2*y**3 + 4*y + 9. Calculate j(f).
-33
Let p(y) = -2*y**2 - 9*y + 9. Let a(b) = 3*b**2 + 17*b - 18. Let i(k) = -3*a(k) - 5*p(k). Suppose -9*v = -2*v - 49. Calculate i(v).
16
Let j(g) = -2*g + 6*g + 2*g + g - 36. Let d(b) = -b**2 + 1268*b + 7650. Let f be d(-6). Determine j(f).
6
Let j(o) = -4*o**2 - 19*o + 34. Let r(s) = s**2 + 5*s - 7. Let u(z) = -2*j(z) - 9*r(z). Suppose 3 = -a - 2. Determine u(a).
5
Let h(n) = n**3 + 7*n**2 - 10*n. Let x be 1*-3 + (-7)/28*-12. Let g be (14 + x)*(-32)/(-112). Suppose g + 12 = -2*q. Calculate h(q).
16
Let i(t) be the second derivative of 3*t + 0 - t**2 - 1/6*t**3